divisor of 169 and 33.
1
Calculate the greatest common factor of 101 and 5088683.
101
Calculate the greatest common divisor of 12195 and 513545.
1355
What is the highest common divisor of 747 and 5312?
83
What is the highest common factor of 191 and 1631?
1
Calculate the highest common divisor of 375 and 295125.
375
What is the greatest common factor of 327 and 268031?
109
Calculate the highest common divisor of 1498056 and 1036.
1036
Calculate the highest common divisor of 5211 and 272516.
193
What is the highest common factor of 260 and 51040?
20
What is the greatest common factor of 14 and 13125?
7
Calculate the greatest common factor of 3504 and 48.
48
Calculate the greatest common divisor of 3681504 and 144.
144
Calculate the highest common factor of 5397 and 846558.
771
Calculate the highest common factor of 51 and 1104.
3
What is the greatest common factor of 1171870 and 14?
14
What is the greatest common divisor of 331712 and 1752?
584
What is the highest common divisor of 30660 and 12530?
70
What is the highest common factor of 10 and 1426930?
10
What is the highest common factor of 5523 and 5838?
21
Calculate the greatest common factor of 29678 and 1045.
209
Calculate the highest common divisor of 61 and 483181.
61
Calculate the greatest common factor of 96 and 31068.
12
What is the greatest common divisor of 354809 and 98?
49
Calculate the highest common divisor of 18252 and 1209.
39
Calculate the greatest common divisor of 29232 and 32592.
336
What is the greatest common divisor of 22 and 153362?
22
What is the greatest common divisor of 3063250 and 250?
250
What is the highest common divisor of 6 and 66807?
3
Calculate the greatest common factor of 910564 and 1864.
932
Calculate the highest common divisor of 482 and 366320.
482
Calculate the greatest common factor of 64 and 12944.
16
Calculate the highest common divisor of 150948 and 18.
18
What is the highest common factor of 1 and 1153393?
1
Calculate the highest common divisor of 170 and 40800.
170
What is the greatest common factor of 84792 and 72?
24
Calculate the greatest common divisor of 475 and 99175.
25
What is the greatest common factor of 6517 and 171?
19
What is the greatest common divisor of 50 and 200900?
50
What is the greatest common factor of 182266 and 42?
14
Calculate the greatest common divisor of 304 and 7216.
16
What is the highest common divisor of 3206 and 6706?
14
Calculate the highest common factor of 12 and 537.
3
Calculate the greatest common factor of 198570 and 810.
30
What is the highest common divisor of 11856 and 13512?
24
What is the highest common factor of 266118 and 102?
102
What is the greatest common divisor of 64 and 6104?
8
Calculate the highest common factor of 611 and 945687.
47
What is the highest common divisor of 13695 and 4620?
165
What is the greatest common factor of 888 and 28083?
111
What is the highest common factor of 4475 and 1420?
5
Calculate the greatest common factor of 287 and 5155955.
287
What is the highest common divisor of 243 and 2799?
9
What is the highest common factor of 99262 and 3038?
62
Calculate the greatest common factor of 70033 and 59.
59
What is the greatest common divisor of 346313 and 1045?
209
What is the greatest common factor of 102 and 130118?
34
Calculate the highest common factor of 3718 and 3828.
22
Calculate the greatest common factor of 13 and 130901.
1
Calculate the greatest common factor of 123772 and 696.
116
What is the greatest common factor of 6647 and 368?
23
What is the highest common factor of 140114 and 286?
26
What is the greatest common factor of 2228952 and 792?
264
Calculate the highest common divisor of 38659 and 201.
67
Calculate the greatest common factor of 1696 and 4982.
106
What is the highest common divisor of 2774 and 4066?
38
Calculate the greatest common divisor of 320424 and 237.
237
What is the highest common factor of 1533 and 866656?
511
Calculate the highest common factor of 135219 and 329.
329
What is the greatest common divisor of 1192092 and 2904?
1452
What is the highest common factor of 94 and 1522?
2
Calculate the highest common factor of 7 and 3202577.
7
What is the greatest common factor of 7178 and 5846?
74
What is the highest common factor of 1937 and 193?
1
What is the greatest common factor of 42 and 73486?
14
What is the greatest common factor of 1155 and 72897?
33
Calculate the greatest common factor of 256 and 1712.
16
Calculate the highest common divisor of 9017 and 7739.
71
Calculate the highest common divisor of 5580559 and 23.
23
Calculate the highest common factor of 224104 and 872.
872
What is the highest common factor of 108 and 266868?
108
What is the highest common factor of 109 and 159?
1
Calculate the highest common divisor of 290524 and 148.
148
Calculate the greatest common divisor of 10530 and 248022.
162
Calculate the highest common factor of 78604 and 172.
172
What is the greatest common divisor of 23 and 22931?
23
What is the greatest common divisor of 20673 and 108?
9
What is the greatest common divisor of 1522505 and 5?
5
Calculate the highest common divisor of 7390 and 1195.
5
Calculate the highest common factor of 276 and 15226.
46
What is the highest common factor of 28970 and 12?
2
Calculate the highest common factor of 3863999 and 1873.
1873
What is the greatest common divisor of 1876 and 42812?
28
What is the greatest common divisor of 3545 and 535?
5
Calculate the highest common factor of 29 and 1872791.
29
Calculate the highest common divisor of 14488 and 2048.
8
Calculate the highest common divisor of 38 and 21147.
19
Calculate the greatest common factor of 603 and 3141.
9
Calculate the greatest common factor of 117 and 30069.
117
Calculate the highest common divisor of 864 and 25672.
8
What is the highest common divisor of 1603904 and 192?
64
What is the highest common factor of 3105 and 2?
1
What is the greatest common divisor of 3796 and 2860?
52
What is the greatest common divisor of 14 and 2826628?
14
Calculate the highest common factor of 42 and 2072.
14
What is the greatest common divisor of 46336 and 9774?
362
What is the greatest common divisor of 30544 and 230?
46
What is the greatest common divisor of 111587 and 63?
7
Calculate the greatest common factor of 380 and 8420.
20
What is the greatest common factor of 10 and 70510?
10
What is the greatest common factor of 24 and 21426?
6
What is the highest common divisor of 159 and 416050?
53
What is the highest common factor of 385 and 1980?
55
What is the highest common factor of 1508 and 3712?
116
What is the highest common factor of 380467 and 202?
101
What is the greatest common factor of 6897 and 26862?
363
What is the highest common factor of 141 and 5851923?
141
Calculate the highest common factor of 1922180 and 260.
260
Calculate the greatest common divisor of 128880 and 180.
180
Calculate the greatest common factor of 171339 and 1845.
123
Calculate the highest common divisor of 34233 and 6.
3
Calculate the highest common factor of 60 and 2927070.
30
Calculate the highest common factor of 636 and 2932914.
318
Calculate the highest common divisor of 16 and 208144.
16
Calculate the highest common factor of 3705 and 33725.
95
What is the greatest common factor of 13 and 139763?
13
What is the greatest common factor of 4416 and 37674?
138
What is the greatest common factor of 1713 and 48535?
571
Calculate the highest common divisor of 36 and 3498.
6
Calculate the highest common factor of 1189915 and 10.
5
What is the highest common divisor of 630 and 23070?
30
Calculate the highest common divisor of 1845 and 315.
45
What is the greatest common factor of 2997 and 74?
37
What is the greatest common divisor of 5226940 and 30?
10
Calculate the greatest common divisor of 11005 and 710.
355
What is the greatest common divisor of 414 and 39169?
23
What is the greatest common divisor of 2310 and 297?
33
Calculate the highest common divisor of 262160 and 1044.
116
Calculate the greatest common divisor of 20240 and 10670.
110
What is the highest common factor of 24309 and 296?
37
Calculate the greatest common factor of 112320 and 4355.
65
What is the highest common divisor of 313 and 36?
1
Calculate the highest common divisor of 924 and 1768452.
84
What is the greatest c